u(q) = 3*q + 5. Let g be u(-5). Let w = g + 10. What is the units digit of 3 - (-5 + w)/1?
8
Let n = 890 - 840. What is the units digit of n?
0
Suppose 3*d + 9 = 4*i, 4*d - 6 = -3*i + 7. Let a = i + -4. What is the units digit of (-2 - a)*(-13 + -13)?
6
Let c = -27 - -27. Suppose 5*v - 6*v + 70 = c. What is the units digit of v?
0
Suppose -c + 0*c = 0. Let p be -3*1060/(-15) - c. Let d = -146 + p. What is the units digit of d?
6
Suppose -3*h = 5*z - 0*z - 282, 4*h - 110 = -2*z. What is the units digit of z?
7
Let d(q) = -2*q**2 - 7*q. Let o be d(-3). Suppose 0*x = -4*b + 2*x - 342, -o*b = 5*x + 250. Let j = b + 145. What is the units digit of j?
0
Let g = 2 - -8. Suppose g*w - 9*w + 1 = 0. What is the units digit of (28 + w)*14/14?
7
Suppose -3*d + y + 16 = 0, 4*y + 7 = 5*d - 22. Suppose d*w = 29 + 11. What is the units digit of w?
8
Let o be (-95)/(-25) - 4/(-20). Suppose l = -o*l + q + 116, 0 = 4*l + 5*q - 116. What is the tens digit of l?
2
Let r(w) = -51*w**2 - 4*w + 4. Let v(u) = 51*u**2 + 5*u - 5. Let i(q) = -6*r(q) - 5*v(q). What is the units digit of i(1)?
1
Let g(o) = 72 - o**2 - 68 + 10*o + 4*o. What is the units digit of g(14)?
4
Let c = 250 - 146. Let h = c + -82. What is the units digit of h?
2
Suppose 25 = 5*c - 5*x, -c = -0*c - 2*x - 7. Suppose -c*k + 2*s + 803 = 0, -k - 4*s + 275 = -s. What is the units digit of k?
9
Let g(o) = -60*o**3 - 5*o**2 + o + 4. Let x(m) = m**3 + m**2 - 1. Let s(w) = -g(w) - 6*x(w). What is the tens digit of s(1)?
5
Suppose -712 - 67 = -5*z - 2*i, -2*z + 300 = -5*i. Suppose 26 = -3*w + z. What is the tens digit of w?
4
Let n(g) = -g**3 - g**2 + g. Let m(v) = -4*v**3 - 24*v**2 + v. Let b(d) = m(d) - 3*n(d). What is the tens digit of b(-21)?
4
Let r(a) = -a**2 + 2*a. Let u be r(3). Suppose -f + 160 = 7*f. What is the units digit of (-3)/3 + f + u?
6
Let d(t) = 16*t - 1. Suppose 3*m - 15 = -2*w + 7, -3*m = 5*w - 37. Let u(n) = 31*n - 3. Let r(q) = w*d(q) - 2*u(q). What is the units digit of r(1)?
9
Let v be (32/10)/((-8)/(-10) - 1). What is the units digit of 244/3 - v/24?
2
Let j = -6946 - -9780. What is the hundreds digit of j?
8
Let u = -58 - -599. What is the units digit of u?
1
Let n(c) = -c**3 + 14*c**2 - 12*c - 16. Let w be n(13). Let l be -4 - w - 12/(-2). Suppose -3*b + 42 = 2*f, l*b - 2*f + 40 = 126. What is the tens digit of b?
1
Suppose -5*q = 3*y + 25, 3*q + 18 - 3 = -y. Suppose 0*k + 2*k - 26 = y. Let f = k - 6. What is the units digit of f?
7
Let j = -393 + 428. What is the tens digit of j?
3
Let i(r) = 2*r**2 + r - 26. Let z be i(-12). Suppose -5*f = 35 - z. What is the units digit of f?
3
What is the thousands digit of ((16/6)/(-8) + 1008)*6?
6
Let p be (-2)/9 - (-574)/(-9). Let a = p - -106. What is the units digit of a?
2
Let u(g) = -12*g - 16. Let p be u(-6). What is the tens digit of (-264)/(-7) - (-16)/p?
3
Let x be (-2)/6 + (-10)/(-3). Let a be x/((-9)/12) + 8. Suppose -2*g + 5*k = -4*g + 178, -4*g - a*k + 332 = 0. What is the tens digit of g?
7
Suppose 3*s + 2269 = 2*p + 8251, -5*s + 3*p = -9969. What is the units digit of s?
2
Let w(x) = x**2 + 5*x - 11. Let n be 16/(2/4*4). Let y = 0 - n. What is the tens digit of w(y)?
1
Let l = -25 - -17. Let w(o) = -o**2 - 17*o - 19. What is the tens digit of w(l)?
5
Suppose 194 + 16 = 14*m. What is the units digit of 9/m + (-4360)/(-25) + -4?
1
Let f(i) = -i**2 + 24*i + 11. Let k be (72/(-42))/((-4)/42*1). What is the tens digit of f(k)?
1
Let j(n) = 2*n**2 - 2*n + 9. Let s be j(8). Let w = -108 + s. What is the units digit of w?
3
Let y(o) be the third derivative of o**6/120 - o**5/60 + o**4/12 - o**3/3 + o**2. Let a = -161 + 164. What is the units digit of y(a)?
2
Let n = 617 - 287. What is the hundreds digit of n?
3
Let y(m) = 45*m + 39. Let k be y(12). Suppose -16 - 227 = -2*t + 3*a, k = 5*t + 2*a. What is the units digit of t?
7
Let k(w) = -w**3 - 12*w**2 - 36*w - 3. Let i be k(-4). Suppose -5*n + 3*u + 203 = 5*u, 0 = 2*n + u - 81. Let a = n - i. What is the units digit of a?
8
Suppose 6*p - 96 = 12. What is the tens digit of 4560/p - (-4)/(-3)?
5
Suppose -29 + 9 = -5*k. Let z be k/6*816/8. Suppose -7*a + 3*a = -z. What is the units digit of a?
7
Let w(z) = 27*z + 36 - 9 - 28 - 20. What is the tens digit of w(7)?
6
Let r = -37 - 4. Let b = 4 - r. What is the units digit of b?
5
Let u(d) = -d**3 + 3*d**2 + 4*d - 3. Let t be u(4). Let x be t*((-7)/3 + 2). Let f = 30 + x. What is the units digit of f?
1
Let a be (-6)/(-4) - ((-20)/(-5))/8. What is the units digit of a/(-1)*73*(-2 - -1)?
3
Let i(g) be the third derivative of g**5/60 - 11*g**4/24 + g**3/6 - 6*g**2. Let z be i(9). Let u = z - -28. What is the tens digit of u?
1
Let o(y) = 160*y - 227. What is the thousands digit of o(8)?
1
Suppose d - 3*d = -10. Let p be -5 + d - (-1 + -15). Let k = -12 + p. What is the units digit of k?
4
Let j(s) = -2*s + 3. Let f be j(3). Suppose 20*a = 71 - 11. What is the units digit of 8*(3 - a - f)?
4
Suppose -a = -4*c - 41 - 200, 4*a - 3*c = 925. What is the tens digit of a?
2
Suppose 0 = 3*d - 4*a + 104, 0 = 5*d - 5*a + 165. Let b = d - -69. What is the units digit of b?
1
Let d(f) = -30*f - 8. Let i be (8/(-28) + (-52)/14)/1. What is the tens digit of d(i)?
1
Suppose 0 = 4*k + 5*t, 2*k = k + 4*t + 21. Suppose 0 = 4*p - 7 - k. What is the units digit of 2/p*51 - -4?
8
Let z(w) = w**3 - 3*w**2 + 3*w - 1. Let i be z(3). Let u = i - -44. What is the units digit of u?
2
Let m(h) = h**3 - h**2 + 2*h + 308. Let k be m(0). Suppose -4*u + 402 = g, -k = -3*u - 0*u - 4*g. Let s = u + -51. What is the tens digit of s?
4
Suppose 2 = 4*h + 4*b - 6, 0 = 4*h - 3*b - 8. Suppose 4*p - 3*y = 2*y + 122, -4*p + h*y + 116 = 0. Let c = p - 17. What is the units digit of c?
1
Suppose -3*f - 4*i = -208 + 41, 5*i + 43 = f. What is the tens digit of f?
5
Let v(y) = y**2 - 8*y - 105. What is the units digit of v(46)?
3
Suppose -26*d = -29*d - 5*j + 1505, -d = -5*j - 495. What is the hundreds digit of d?
5
Suppose -3*t + 8*t + 65 = 0. Let k = -71 + 48. Let b = t - k. What is the tens digit of b?
1
Suppose 5*q = -4*a + 3481, 3*a = 5*q - 797 - 2691. What is the units digit of q?
7
Suppose f = -2*o + 648, -414 = -2*o - 5*f + 226. What is the tens digit of o?
2
Let t = 270 - 112. Let r = t + -29. What is the tens digit of r?
2
Let s(w) be the first derivative of w**3/3 - 7*w**2/2 + 8*w - 4. Let g be s(6). Let x = 1 + g. What is the units digit of x?
3
Suppose 0 = 4*m - 5*f - 26 + 6, 0 = 2*m - 3*f - 10. Suppose -3*t = -t. Let h = t + m. What is the units digit of h?
5
Let o = 124 + -124. What is the units digit of 111 + 6 - (o - -3)?
4
Let x = 5451 - -486. What is the tens digit of x?
3
Suppose c + 2*i - 307 = 0, -5*i + 610 = -c + 3*c. What is the tens digit of c?
1
Let u(i) = 5*i**3 + i - 1. Let t be u(1). Let p = -16 + 36. Suppose -t*w - p = 0, -3*r + 5*r - 4*w - 120 = 0. What is the tens digit of r?
5
Let k(g) = 47*g - 15. Let v be k(7). Suppose 4*n - v = -22. What is the tens digit of n?
7
Let l be (32/(-56))/(4/(-14)). Suppose -l*i - 3*i + 222 = -3*y, -5*i - y = -206. What is the units digit of i?
2
Let o = 603 - 149. What is the units digit of o?
4
Suppose -2*q - 10633 = -5*a - 2336, 6632 = 4*a - 3*q. What is the tens digit of a?
6
Let n = -277 + 551. What is the hundreds digit of n?
2
Suppose 155 = 2*r + 4*n - 137, -2*r + 308 = -4*n. Suppose -20*q + r = -14*q. What is the units digit of q?
5
Suppose -b + 2*b = -2*d - 11, 5*d = 5*b + 10. Suppose 36 + 24 = 4*y. Let r = y + b. What is the units digit of r?
0
Let g be 548/6*27/18. What is the units digit of (1 + g)*3/6?
9
What is the thousands digit of ((-54)/81)/(13781/(-4593) - -3)?
1
Let v = 2818 + -989. What is the tens digit of v?
2
Let u = -9 + 26. Suppose -2*j + f = -1, 4*f + u = 4*j - f. What is the units digit of j - (-1 + -3) - -22?
4
Let r(d) be the first derivative of d**2/2 - 2*d + 2. Let b be r(6). Suppose -b*u + 8*u = 4. What is the units digit of u?
1
Suppose 0 = -j + 7 - 0. Let z(p) = -6 - j*p + 3*p**2 + 13*p - p**3 + 3. What is the units digit of z(4)?
5
Let g(z) = 6*z - 35. Let o(d) = 30*d - 174. Let b(y) = -14*g(y) + 3*o(y). Suppose 0 = 2*q - 6, q + 4*q = 2*k - 15. What is the units digit of b(k)?
8
Let k = -19 - -442. What is the tens digit of k?
2
Let b = -20 - -5. What is the tens digit of ((-18)/b)/(9/